 + w = 10, 3 = w + 5. Let n be 1 + 4*a/12. Let l be 1672/20 + n/5. What is the greatest common factor of 28 and l?
28
Let t(m) = 2*m - 12. Let v be t(7). Suppose -v*u + 148 = 6*d - d, -61 = -2*d + u. Calculate the greatest common divisor of 120 and d.
30
Suppose 3*v - 4*c - 2 = 4*v, -2*v = -c + 22. Let p be (-28)/v + 7/35. Suppose 3*q - 70 = -2*q + f, 3*q + f = 50. What is the highest common factor of q and p?
3
Let v(w) = 23*w**2 + 2*w. Let t be 2/6 - (-3)/(-9). Suppose -6*k + 3*k + 6 = t. Let o be v(k). Calculate the highest common divisor of 12 and o.
12
Let r = 619 - 455. Calculate the highest common divisor of 287 and r.
41
Suppose -9*w = 3*c - 8*w - 192, 0 = -4*w. Let q = 108 - 76. Calculate the highest common divisor of c and q.
32
Suppose v = -v + 10, 5*l - 4*v + 5 = 0. Let h = l + 157. Calculate the highest common divisor of h and 10.
10
Let b = -321 - -329. Calculate the greatest common factor of 10 and b.
2
Suppose 5*y = n - 105, 4*n - n - 255 = -5*y. Suppose -2*k + 2*l - 4 = -48, -5*k + n = 5*l. Calculate the highest common factor of k and 160.
20
Let d = -14 + 16. Suppose 5*a - d*a = 48. What is the highest common divisor of 24 and a?
8
Let h be (-14)/(-42)*6 + 1*13. What is the highest common factor of h and 1575?
15
Suppose 17 = -v - 7. Let d = v + 24. Suppose 4*s - 122 + 38 = d. Calculate the highest common factor of 231 and s.
21
Let t(x) = 12*x**2 - x**3 - 15*x - 6 + 19 + 4*x**2. Let r be t(15). What is the greatest common factor of 143 and r?
13
Let u be ((-28)/(-21))/((-8)/(-18)). Suppose -d + 6 = -u*z, 4*d + 3*z - 17 - 7 = 0. Let x = -27 + 45. What is the greatest common divisor of d and x?
6
Suppose 4 + 6 = w. Let o(n) = 10*n**2 + n**3 + 12*n + n**3 + w - n**3 - 2*n**3. Let h be o(11). Calculate the highest common divisor of h and 105.
21
Let w(r) = 81*r**2 + 35*r + 165. Let b be w(-5). What is the greatest common factor of 65 and b?
65
Let g(y) = 2*y**2 - 19*y + 23. Let l be g(13). Calculate the highest common divisor of l and 171.
57
Suppose -30*c = -23*c - 196. Calculate the highest common divisor of c and 308.
28
Let d = 837 - 827. Calculate the greatest common factor of 15 and d.
5
Let i(r) be the third derivative of -r**4/3 - r**3/2 + 6*r**2. Let a be i(-2). What is the highest common divisor of a and 65?
13
Suppose 5*h = 10*h - 20. Let c(k) = k**2 - 4*k + 5. Let a be c(h). Let f be (14 - 2)*a/5. Calculate the highest common divisor of 108 and f.
12
Let q(w) = w**3 - 36*w**2 + 45*w - 140. Let c be q(35). Calculate the greatest common divisor of c and 98.
14
Suppose 26 - 1 = -5*s. Let f = 6 - s. Suppose 21 = l - f. What is the highest common factor of 8 and l?
8
Let g = 133 + -80. Let j = 408 + -196. Calculate the highest common factor of j and g.
53
Let x = 981 + -610. What is the greatest common divisor of x and 53?
53
Suppose 4*f - 1693 = -3*c, -3*c + 7*c + 5*f - 2258 = 0. Calculate the greatest common divisor of c and 21.
21
Suppose -583 = u - 637. What is the highest common factor of 702 and u?
54
Let k = 1262 - 664. What is the highest common factor of k and 52?
26
Let x = 94 - 61. Let f = -7 - -4. Let s be (1/f)/(3/(-99)). What is the highest common factor of x and s?
11
Let b(w) = -4*w + 14. Let n(v) = -v. Let x(r) = b(r) - 3*n(r). Let t be x(8). Suppose 0*i - 2106 = -t*i. Calculate the greatest common divisor of 39 and i.
39
Let z(q) = -7*q**2 - 84*q - 12. Let w be z(-10). Calculate the highest common divisor of w and 16.
16
Suppose -2*d + 46 - 2 = 0. Suppose d + 95 = 3*g. Suppose -4*c + 5*c = g. What is the greatest common divisor of c and 26?
13
Suppose 4*m - 643 = -3*y + 383, -2*m = -2*y + 684. Calculate the highest common factor of y and 76.
38
Let c = 42 + -17. Suppose -2*o - 3*o = -c. Suppose w - 45 = -n - 0*n, 219 = o*n + 3*w. What is the greatest common factor of 6 and n?
6
Suppose 59 + 31 = 2*m. Let v be 96/20 - ((-3)/(-15))/(-1). What is the greatest common divisor of m and v?
5
Let u = 192 - 181. Calculate the greatest common factor of u and 297.
11
Let p be (-33)/2 + (-4)/(-8). Let o be 4/(-2) - (0 + p). Let y be (2 - 40/25)*105. What is the greatest common divisor of y and o?
14
Let w = -401 + 453. Let m(f) = f**2 + 5*f + 7. Let o be m(-6). What is the highest common divisor of o and w?
13
Let z be (3/(-3))/1 + 3. Let o be (-3 + 11)/(z + 0). Let j(h) = 3*h - 8. Let l be j(o). Calculate the greatest common divisor of 44 and l.
4
Suppose -5 = 6*r - 17. Suppose -40 = r*i - 3*i. Calculate the greatest common divisor of i and 8.
8
Suppose 24 = 18*f - 14*f. Let c(j) = 3*j - 7. Let n be c(f). What is the greatest common divisor of n and 264?
11
Let l(h) = 7*h - 33. Let y be l(5). What is the greatest common divisor of y and 6?
2
Let g be (3/9)/((-2)/(-78))*1. Calculate the greatest common divisor of 689 and g.
13
Suppose 0 = 3*x + 2*x - 35. Let o be (-84)/(-18) + (-4)/6. Suppose j + 5*k - o*k = 3, -5*k + 7 = -3*j. What is the highest common factor of x and j?
1
Suppose -5*y - 2*r + 5*r + 48 = 0, 5*y - 2*r = 52. Suppose -6 = -2*f + 6. What is the greatest common divisor of f and y?
6
Suppose 5*p - 4*j = 301, 0 = 2*p + 5*j - 64 - 63. What is the highest common divisor of 2501 and p?
61
Let x be -2 + 71/5 + 2/(-10). Suppose -3*r - j = -x, j + 8 = r - 0. What is the greatest common divisor of 20 and r?
5
Let p = 1325 - 1235. What is the greatest common factor of p and 72?
18
Let t be (0 - -1) + 5 + -2. Let l be (-2)/t*342/(-9). Calculate the greatest common divisor of 38 and l.
19
Let m(y) = -2*y**3 - 9*y**2 - 13*y + 2. Let s be m(-3). Suppose 4*g - 210 = -g. Calculate the highest common factor of s and g.
14
Suppose 341 = -5*o + 421. Calculate the greatest common factor of 12 and o.
4
Suppose 4 = -2*g + 10. Suppose 0 = y - 13 + g. Suppose 0 = 4*h + 5 - 13. Calculate the greatest common factor of y and h.
2
Suppose 58*z + 1595 = 69*z. What is the greatest common factor of z and 2755?
145
Let o(g) = g**2 + g + 1. Let k be o(-2). Suppose k*p + 4 = 94. What is the greatest common divisor of 10 and p?
10
Let q(t) = t**3 - 23*t**2 + 13*t - 2. Let h be q(23). Calculate the greatest common factor of h and 33.
33
Let o = 0 + 3. Suppose o = -q + 9. What is the greatest common divisor of 54 and q?
6
Let z(a) = a - 11. Let c be z(15). Suppose -3*p = c*k - 16, -3*p + 7 = 3*k - 11. Let f be 4/(-6)*(p + -218). What is the greatest common factor of 28 and f?
28
Let i be 2 - 1 - -3 - (-503 - 28). What is the highest common factor of i and 5?
5
Let s = -532 - -1102. Suppose -150*h + 131*h + 95 = 0. Suppose -2*j - 839 + 255 = -4*w, s = 4*w + h*j. What is the highest common divisor of 29 and w?
29
Let y(v) = -v**2 + 11*v + 20. Let d be y(10). Calculate the highest common factor of d and 60.
30
Suppose 0 = -2*f - 2*f + 24. Let d(v) = 11*v - 51. Let s be d(9). Calculate the greatest common factor of s and f.
6
Let a = -4 - 5. Let t = -25 - a. Let u(d) = d**3 + 16*d**2 - d - 7. Let z be u(t). Calculate the highest common factor of z and 36.
9
Suppose -2*o = -m - 39, -2*m + 3*m - 5 = 0. What is the highest common factor of 11 and o?
11
Let m = 835 - 590. Calculate the greatest common factor of 5 and m.
5
Let q be (9/(-6))/((-12)/16*1). Suppose -2*v + 32 = q*v. Calculate the highest common factor of 56 and v.
8
Suppose 15*q - 6239 = 7291. Calculate the highest common divisor of q and 410.
82
Let t(q) = 59*q - 167. Let h be t(4). What is the highest common divisor of 759 and h?
69
Let n(r) = -r**2 - 33*r + 25. Let y be n(-18). Suppose -2*c + y + 27 = 0. What is the greatest common divisor of c and 23?
23
Suppose 0 = -17*f + 443 + 237. What is the greatest common divisor of f and 8?
8
Let b be (-7 + 4)*2/(-3). Suppose 0 = b*n + 2*s - 4, -1 = -4*n - 5*s + 6. Let z = 17 - 2. Calculate the highest common divisor of z and n.
3
Let h(t) = -2*t**2 - 2. Let k be h(-1). Let l be k/6*81/(-6). What is the greatest common factor of 72 and l?
9
Let w = -2285 + 2289. Let b = -23 + 87. Suppose 0*g + 2*g = b. What is the greatest common divisor of w and g?
4
Let s be (-1)/((3/5)/(-3)). Let j = -77 + 120. Suppose 4*g - 37 = j. Calculate the highest common factor of s and g.
5
Let f = 26 + -16. Suppose 4*q + q = f. Let y(i) = -i - 4. Let v be y(-5). Calculate the highest common factor of q and v.
1
Let h(r) = 111*r - 1. Let t be h(1). Suppose 